r of 155 and v?
31
Let r = -223 + 410. Calculate the highest common divisor of r and 85.
17
Suppose 3*j - 1365 = 4*k + 1751, 5*k - 2085 = -2*j. Let n be j/14 + (-6)/21. Calculate the greatest common factor of 185 and n.
37
Let g = -836 - -892. What is the highest common factor of 196 and g?
28
Suppose 20*x - 3*v = 18*x + 33, 2*v - 69 = -3*x. Calculate the greatest common divisor of 2121 and x.
21
Let u be (3 + -5)*(-1)/((-10)/(-75)). What is the highest common factor of 225 and u?
15
Suppose 5*w - 30 = -5*n, -4*n + 4*w = -3*n - 21. Let j(d) = d**2 + 2*d - 17. Let p be j(14). Calculate the greatest common factor of n and p.
9
Let z be (-6)/(-3)*6*3. Suppose -5 = 2*c + 3. Let o = c - -28. Calculate the highest common factor of z and o.
12
Let m be 174/232 - (-1 - (-178)/(-8)). What is the greatest common factor of 3 and m?
3
Let i be 120*(1 + 2 + -2). Suppose 0*f = -5*f + d + 548, f + 5*d = i. Let g be (-4)/(-14) + (-408)/(-42). What is the greatest common divisor of f and g?
10
Let z be 88/(-8)*(-12 - -1). Let x be z/(-33) + (-2)/(-3). Let l(p) = 4*p**2 - 3*p. Let s be l(x). Calculate the greatest common divisor of 5 and s.
5
Let s = 16 + -14. Suppose -205 = -4*t + 5*l, -3*l + 110 = 3*t + s*l. What is the highest common divisor of t and 60?
15
Let v = -9 - -20. Suppose 2*k + 2 = 0, 0 = -3*b + b + k + v. Let n be b/(5/(-8))*-1. Calculate the highest common divisor of n and 56.
8
Let l(s) = -s**3 - 10*s**2 + 17*s + 6. Let b be (-1)/(-3) - ((-100)/(-12) + 4). Let v be l(b). What is the greatest common divisor of v and 10?
10
Let u(p) = 11*p**2 - 10*p + 1. Let l be u(2). Suppose -3*o = 6, -5*f - 287 + 1902 = 5*o. Calculate the greatest common factor of f and l.
25
Suppose 2*v = 3*g + 157, -5*g + 168 - 479 = -4*v. Calculate the greatest common factor of v and 481.
37
Suppose 5*p = -4*s + s + 19, -3*p + 21 = -3*s. Suppose 4*z = -3*c - 14 + 81, -110 = -5*z + p*c. Calculate the greatest common divisor of z and 19.
19
Let o = 49 + -46. Suppose -z - 5 + 1 = 0, -44 = -2*x + o*z. What is the greatest common factor of x and 16?
16
Let s(a) = -2*a**3 + 4*a**2 + 6*a. Let m be s(-4). What is the greatest common divisor of m and 24?
24
Suppose 36 = 5*f + d + d, f - 4*d = 16. Let o = 0 + 1. Calculate the highest common factor of f and o.
1
Let f(d) = -9*d**3 - d**2 - d + 2. Let r be f(-2). Suppose -2*n = -5*o - 18, -2*n - 2*o + 496 = 436. What is the highest common factor of r and n?
24
Suppose -4*q + 8 = 4*m + 28, -4*q = -2*m - 22. Let a = m - -271. Let r be -1 + (-1)/(-1) + a. What is the greatest common factor of 24 and r?
24
Suppose -b + 5 = 4*b. Let l be (-32)/(-1) - (3 - b). Suppose m + 0*x - 5 = -5*x, -m + 9 = 3*x. Calculate the highest common divisor of l and m.
15
Let m = 198 - 159. Calculate the highest common divisor of 26 and m.
13
Suppose -165 = -3*h + 3*y, 3*y + 124 = h + 63. Calculate the greatest common factor of 494 and h.
26
Let w be -4 + 1227/7 - (-2)/(-7). What is the highest common divisor of w and 152?
19
Let o be -14*72/(-27)*(-3)/(-2). Let z be (-1)/(-1)*6 + 1. What is the highest common factor of z and o?
7
Suppose h = 5*v - 203, -154 = -702*v + 698*v + 5*h. Suppose l + 2*l - 123 = 0. What is the highest common divisor of l and v?
41
Suppose -17713 = -19*j + 4612. Calculate the greatest common divisor of j and 50.
25
Let a be 315/(-252) + 74/8. What is the highest common divisor of 16 and a?
8
Let x(y) = y**3 + 16*y**2 + 38*y - 8. Let i be x(-6). What is the greatest common factor of 341 and i?
31
Let o be (-3 - -2)*(-6 + 2/(-2)). Calculate the highest common divisor of 511 and o.
7
Let y = -629 + 637. Calculate the highest common factor of 10 and y.
2
Let r(l) = -4*l**2 + 10*l + 3. Let u be r(-2). Let d(o) = 9*o. Let i be d(-1). Let c = i - u. Calculate the greatest common factor of c and 96.
24
Suppose d = -3*b + b + 105, 15 = 3*d. Let t = -298 - -148. Let r be 6/4*t/(-9). What is the highest common divisor of b and r?
25
Suppose -6*i + 5*i + 5*w - 17 = 0, w - 4 = 0. Let v(z) = 7*z + 4. Let u be v(i). What is the highest common divisor of u and 5?
5
Let z be 60/(-9)*(-798)/5. What is the greatest common divisor of 7 and z?
7
Let i(a) = -2*a**3 + 13*a**2 + 6*a + 5. Let r be i(6). Calculate the greatest common divisor of r and 616.
77
Let g(t) = t**3 + 8*t**2 + 5*t + 17. Let u be g(-7). Calculate the highest common divisor of 248 and u.
31
Let q = 212 - 91. Let u be 11/(-10) + 1 + (-111)/(-10). Calculate the greatest common divisor of u and q.
11
Suppose 17 = -4*j + 37. Let x(g) = -g + 6. Let p be x(j). What is the greatest common factor of p and 7?
1
Suppose -5*l + 5*a + 6700 = 0, 5*a - 8*a - 6698 = -5*l. What is the highest common factor of l and 13?
13
Suppose -3*m + 135 = -3*w, -3*w = -3*m - 2*w + 145. What is the greatest common factor of m and 125?
25
Suppose 2 + 2 = -j + 2*z, -24 = 3*j - 2*z. Let a be (-3 + (-16)/(-6))*-93. Let n = j + a. What is the greatest common divisor of 7 and n?
7
Suppose 2*y - 53 = 10*g - 7*g, 161 = 5*y + 2*g. Calculate the greatest common factor of 1 and y.
1
Let k be -3 - (-1)/(4/72). Suppose j + k = -3*u, -5*u + 0*j = -4*j + 8. Let i be (-25 + 2)*4/u. Calculate the greatest common divisor of 23 and i.
23
Let j be 58/12 - (-5)/30. Suppose -b - q + 2 = -j, b + 3*q - 11 = 0. Suppose w + 60 = b*w. Calculate the greatest common divisor of 30 and w.
15
Suppose -20 = m - 6*m. Let a be 2/m - (-47)/(-2). Let u = a - -30. What is the greatest common factor of 7 and u?
7
Let b(l) = l**2 + 2*l. Let v be b(-5). Let u(x) = -x**3 + 14*x**2 + 8*x + 23. Let y be u(14). What is the highest common factor of v and y?
15
Suppose 77 = 8*n - 331. Let z = n - 29. What is the greatest common divisor of z and 22?
22
Let j = 393 - -405. What is the highest common divisor of 28 and j?
14
Let z = -65 - -113. Suppose 0*l + 3*l = -5*v + z, 0 = 2*l - 4*v - 54. Let y = l - 4. What is the greatest common divisor of 119 and y?
17
Let v = 52 + -48. Suppose 0 = -10*i + v*i + 102. Let l = 142 - -11. What is the greatest common factor of l and i?
17
Let r(k) = k + 43. Let i be r(-37). What is the greatest common divisor of 68 and i?
2
Let q be 1/2 + (-265)/(-10). Suppose -2*i - 2*i = -972. Calculate the greatest common divisor of i and q.
27
Let k(q) = -2*q**3 - q**2 + 5*q + 3. Let c be k(-5). Suppose 713 = 5*g + c. Let o be (g/(-8))/(18/(-192)). Calculate the greatest common factor of o and 17.
17
Suppose 5*y - 3*o - 94 = 0, -5*o - 2 = 13. What is the highest common divisor of y and 1649?
17
Let i be (-14)/2 + (14 - 13). Let c = i - -18. Calculate the highest common factor of 8 and c.
4
Suppose 5*g - 72 = 188. What is the greatest common factor of 364 and g?
52
Let m(c) = c**3 + 7*c**2 - 9*c. Let z be m(-6). What is the greatest common factor of z and 30?
30
Suppose 3*w + 8 = 4*a, -2*a = -w - 8 + 4. Let n be (-2 - 2)/((-4)/62). Suppose h = a + n. Calculate the greatest common factor of h and 16.
16
Let i = 1 - -1. Let z be 4*10*(i - 0). Suppose -2*u + 3*o + 20 = 3, -3*o = 2*u - 23. What is the greatest common factor of z and u?
10
Let s be (-3 + 6)/6 - (-125)/10. What is the greatest common divisor of 117 and s?
13
Suppose r - 4*r = -72. Suppose 5*d = r - 9. What is the greatest common divisor of d and 30?
3
Let h(n) = n**3 + 2*n**2 + 12*n + 8. Suppose 0 = -3*p - 16 - 8. Let v be h(p). Let l be v/(-16) + 1/2. Calculate the greatest common factor of l and 15.
15
Suppose -3*l = -3*w + 534, -w - 2*w - 4*l = -548. Let m = w + -72. Calculate the highest common divisor of 27 and m.
27
Let l be (24/(-32))/(2/(-24)). Let d be (16/6)/(6/l). Let s = -14 - -26. Calculate the greatest common factor of d and s.
4
Let j be (-8)/20 - (-22)/5. Let r(n) = n + 2*n**3 + 6 + n**2 - 3*n**3 + 2*n**3. Let t be r(0). Calculate the highest common divisor of t and j.
2
Let n be (6/18)/(2/84). Let g be (-24)/(-56) - (-1450)/n. Suppose 4*l - g = -24. What is the highest common divisor of l and 140?
20
Let u(l) = -27*l - 30. Let n be u(-9). Suppose -n = -2*x + 107. Calculate the greatest common divisor of 32 and x.
32
Let r be 93/2 + (-1)/(-2). Suppose r = 3*a + 197. Let w = -33 - a. Calculate the highest common factor of w and 17.
17
Let s(q) = -2*q**3 - q**2 + 3*q + 1. Let j be s(-2). Let r be (-2314)/(-30) + -6 + (-1760)/(-300). What is the greatest common divi